5 = 218*c. Suppose 0 = 2*r - c*x - 206, 4*r - 7*r + 331 = -2*x. What is the units digit of r?
3
Let a = 81 - 78. Suppose 2*o = -10, -a*o + 565 = 5*r - 2*o. What is the hundreds digit of r?
1
Let b = 22 - 21. Let w be -1 - -2 - (b - 4130). What is the tens digit of (-4)/(-22) - w/(-154)?
2
Let k = -2 - -7. Suppose -4*p = t - 8, -4*t - 25 = -k*p + 6. What is the units digit of -8 + 7 + 3*p?
8
Let s = -8 + 11. Suppose 3*b + s*t = 4*b - 17, -68 = -4*b + 3*t. What is the tens digit of b?
1
Suppose -q + 1254 = -1880. What is the tens digit of q?
3
Suppose -5*u + 824 = 2*a, 4*a - 3*u - 801 = 821. What is the tens digit of a?
0
Let n be (2 + (-3)/(-3))*1. Let o(b) = -3*b**3 + 3*b**2 - 8 + 4*b**2 + 4*b**n - 2 - 12*b. What is the units digit of o(-8)?
2
Let s(y) = 12*y**2 + 4 - 8*y + 15 - y**3 - 19*y**2. What is the hundreds digit of s(-8)?
1
Let v be (9/2)/((-4)/8)*-10. Suppose 3*s = 5*k + 49 - 153, -v = -4*k - s. What is the tens digit of k?
2
Let b(x) = -5*x - 6. Let j be b(-6). Suppose o + j = 5*o. What is the units digit of o - (9/3 - 1)?
4
Suppose 2*h - 872 + 58 = 0. What is the units digit of h?
7
Let m(o) = -67*o**3 + o**2 + 24*o + 74. What is the hundreds digit of m(-4)?
2
Suppose 0 = 3*z + 3*z. Suppose 4*b = 7*b - 5*s + 32, -2*b - 5*s + 12 = z. What is the units digit of ((-6)/b)/((-33)/(-1078))?
9
Suppose 13*j + 43*j - 116760 = 0. What is the hundreds digit of j?
0
Suppose -410 + 9608 = 9*h. What is the hundreds digit of h?
0
Suppose -w + 6 = 4. What is the hundreds digit of 186*(w + -1) + 4?
1
Let n = -146 - -644. What is the hundreds digit of n?
4
Suppose 0 = -10*n + 1248 + 772. What is the hundreds digit of n?
2
Let s(f) = 45*f + 1437. What is the units digit of s(0)?
7
Let k = -64 + 69. Let s(p) = -15*p - 16. Let j(m) = -10*m - 11. Let o(f) = -8*j(f) + 5*s(f). What is the tens digit of o(k)?
3
Let s = 8 - 9. Let k be 3/1 - (0 - s). What is the tens digit of (-3)/(-3*k)*54?
2
Let d(n) = 3021*n**2 - 2*n + 3. What is the hundreds digit of d(-1)?
0
Let q(r) = 2*r - 18. Let u be q(9). Suppose 4*o - 5*x - 728 = u, 897 = 5*o - 2*x - x. What is the units digit of o?
7
Let j be (12/2)/(10 + -8). Suppose 2*f = -5*p + j*f + 171, -p + 4*f = -38. What is the tens digit of p?
3
Suppose 124 - 2186 = -2*f. What is the units digit of f?
1
Suppose 9*p - f - 73 = 4*p, 2*f = 4*p - 56. Let v = p + -17. What is the units digit of 2 - -1*(3 + v)?
3
Let u = 7 + 268. What is the units digit of u?
5
Suppose -460 - 272 = 4*w. Let r be (1 - 2)/((-3)/w). Let i = 96 + r. What is the tens digit of i?
3
Let q = -442 + 1160. Suppose 0 = -7*y + q - 67. What is the tens digit of y?
9
What is the units digit of 160/(-12)*(-2766)/10?
8
Suppose -o = -0*l + 4*l + 821, o = -3*l - 822. What is the tens digit of o/(-21) + 6/(-21)?
3
Let z = 3803 + -1172. What is the hundreds digit of z?
6
Suppose 21*g + 12 = 24*g. Suppose 0 = 2*n - g*n + 76. What is the units digit of n?
8
Let z(d) = -106*d + 506. What is the units digit of z(-19)?
0
Suppose 4*c = 5*z + 1 + 1, -2*c = -3*z - 2. Let d be (c - -5)/((-2)/34). Let s = 73 + d. What is the units digit of s?
2
Let s(d) = -16*d + 19. Suppose 20 = -4*t - 4. What is the hundreds digit of s(t)?
1
Let x(c) = c**2 + 10*c - 7. Let b be x(-11). Let d = -2 + b. What is the tens digit of (-4 - d)/(12/(-32))?
1
Let i(q) = -12*q. Suppose -d - 2 = -3*h, -5*d = -2*h + 2 - 18. Suppose h = 4*g - 5*g. What is the units digit of i(g)?
4
Let u be (13 + -2)/(42/(-22) + 2). Let r = u - 11. What is the hundreds digit of r?
1
Let q(i) = 3*i**2 - 70*i + 108. What is the units digit of q(54)?
6
Suppose 0*d - 7 = -3*d - 2*c, d + 16 = 3*c. What is the tens digit of 112 + 8 - (-1 - d)?
2
Let m = 18 + -14. Suppose 0 = -3*l + 8 + m, 2*l = 4*a - 12. What is the units digit of a/(-5) + (16 - -1)?
6
Let u = -5 + 12. Suppose -p - 4*m = 2 + u, 4*m + 6 = -2*p. Let h = 9 + p. What is the tens digit of h?
1
Let w(a) = -9*a**3 - 4*a**2 + 4*a + 14. Let m be w(-4). What is the units digit of m/14 - (2 - 33/21)?
6
Let s = 2864 + -1188. What is the units digit of s?
6
Let b(i) = -i**3 + 5*i**2 + 7*i + 2. Let f be b(6). Let u = 8 - f. Suppose 2*z + 23 - 101 = u. What is the units digit of z?
9
Let s = -32 + 31. Let j(a) = 16*a - 1. Let q be j(s). Let w(t) = -t**3 - 17*t**2 - t + 23. What is the tens digit of w(q)?
4
Let i(b) = -49*b - 55. What is the hundreds digit of i(-18)?
8
Let u(s) = 6*s**2 + 9*s - 10. What is the tens digit of u(4)?
2
Let n be 2/(-3)*(-6)/2. Suppose -n*z + 9 = -9. What is the units digit of ((-21)/z + 3)*9?
6
Let y be -2*(205 + 0 + (-2 - -1)). What is the hundreds digit of (-4 - (-50)/15)*y?
2
Let t(f) = 8*f**2 - 11*f - 10. Let c(x) = -9*x**2 + 12*x + 11. Let o(d) = 5*c(d) + 6*t(d). What is the tens digit of o(5)?
4
Let d(a) = 63*a - 9. Let u(q) = 32*q - 4. Let r(j) = 2*d(j) - 5*u(j). What is the tens digit of r(-2)?
7
Let i be 2/(-12) + (-194)/(-12). Suppose -m = -i - 5. Suppose -m = q - 61. What is the units digit of q?
0
Suppose 0 = -16*i + 19*i - 9. Let w(p) = p**i + 2*p**2 - 2*p - 16 + 3*p**2 + 11. What is the tens digit of w(-4)?
1
Let q be -2 + 77/6 + (-9)/(-54). Let n(a) = 17*a - 51. What is the units digit of n(q)?
6
Let h(r) = -r**2 - 8*r - 15. Let x be h(-7). What is the units digit of -63*1*x/6?
4
Suppose -5*d = 2*t - 31, 4*t + 3*d - 73 = -4. Let a = 41 - -4. Suppose -t - a = -3*c. What is the units digit of c?
1
Let j = -67 + 23. Let s = j - -232. What is the units digit of s?
8
Let w(q) = -q**2 - 8*q + 10. Let y(o) = o**2 + 8*o - 9. Let l(d) = 4*w(d) + 5*y(d). What is the tens digit of l(-14)?
7
Suppose 0 = 2*u - y + 1, -2*u + 3*y = -6*u - 7. What is the tens digit of 5 + 11 + (u - -2)?
1
Let o be (2/6)/(3/108). Let l be 15*(32/o - 2). Let q = l + 10. What is the tens digit of q?
2
Let n(k) = 13*k - 1. Suppose 5*x - 2*x = 3. What is the units digit of n(x)?
2
Let f be (-606)/(-8)*(-21 - -17). Let h = -156 - f. What is the hundreds digit of h?
1
Let w(p) = 47*p**2 - p + 2. Let v be w(1). Let h = -35 + v. What is the units digit of h?
3
Let g(k) = k - 19 + 34 + 31. What is the units digit of g(25)?
1
Suppose 0 = -5*v - 798 + 2993. What is the tens digit of v?
3
Let k(q) = -q**2 - 65*q - 80. What is the units digit of k(-54)?
4
Let z be 221/((1 - 4)/3). Let v = z - -375. What is the hundreds digit of v?
1
Let x(f) = -f**3 - 8*f**2 + 5*f - 4. Let q be x(-8). Let z be (-3)/(-15) - q/5. Let l = z + 0. What is the units digit of l?
9
Let w = 4211 + -2905. What is the units digit of w?
6
Suppose 5*i - 3350 = r, -i + 663 = -4*r + 12. What is the hundreds digit of i?
6
Let y(l) = 5*l - 3. Let s be y(1). Suppose -t + n + 51 = -27, s*t - n - 161 = 0. What is the tens digit of t?
8
Let l = 15 - -690. What is the hundreds digit of l?
7
Suppose -2*s + 40 - 10 = 0. Let z(d) = d**2 - 15*d + 14. What is the tens digit of z(s)?
1
Let x = 189 - -94. What is the hundreds digit of x?
2
What is the units digit of (-1 + (-124 - 7))*(-3)/4?
9
Let c(x) = -2*x. Let k be c(-1). Suppose -3*v - 3 = 5*d - 4*d, 22 = d - k*v. What is the tens digit of 162/(-4)*d/(-18)?
2
What is the units digit of (-120)/16*-8*(-12)/(-40)?
8
Let r(h) = h - 1. Let b be r(4). Suppose -4*v + 17 = -b. Suppose v*n - 45 = 2*n. What is the tens digit of n?
1
Suppose -4*f - 4*l = -1092, f + 4*l = -l + 261. What is the tens digit of f?
7
Let q(n) = n**2 - 7*n + 6. Suppose 0*k + 4*b - 18 = 3*k, k - 4*b + 6 = 0. Let r be ((-14)/6)/(2/k). What is the units digit of q(r)?
6
Let d(n) = -n - 3. Let f be d(-11). Suppose -f = -3*t + t. Suppose -t*q - 6 + 70 = 0. What is the units digit of q?
6
Suppose 0*p = -4*p + 12. Let y(n) = n**3 - 4*n**2 + 4. Let o be y(4). Suppose p*t - 48 = -5*r, o = r + t + t. What is the tens digit of r?
1
Suppose -86 = 2*n + 300. Let f = 5 - n. What is the hundreds digit of f?
1
Let x = 39 + -39. Let v = 15 + -11. Suppose x = v*g - 12, -3*h + 5*g + 102 = g. What is the tens digit of h?
3
Suppose -2*x + 4 = -12. Let n = -261 + 226. Let r = x - n. What is the units digit of r?
3
Suppose q + 63 = 2*q. Suppose -13*k + 11*k + 3*t = -47, 124 = 4*k + 4*t. Let n = q - k. What is the tens digit of n?
3
Let c = -76 - -243. Suppose -4*a + 69 = -c. What is the units digit of a?
9
Suppose 4*b + 4*l - 17 = b, 5*l - 21 = -4*b. Let f be (-3 + (-220)/5)*b. What is the tens digit of -5*2/(-10)*f?